
26
Evaluate (1 - 5) + 1 + -25 + 41 + -15.
-2
-6 - -3 - (-50 + 17 + (-5 - 0))
35
Calculate (28 - -2) + -8 + -37.
-15
What is the value of 4 + (-2 - -6 - -3) + (35 - 39)?
7
What is the value of 2 + -1 - (-3 + 7 - 1)?
-2
-8 + (4 - 16 - (-28 - -23))
-15
Calculate -13 + -1 + 0 + 1 - (-110 - -113).
-16
What is 61 - (24 + -21 - -26)?
32
-1 + (4 - (-5 + 1))
7
Evaluate (-6 - (9 - 8)) + 15 - 4.
4
(21 + -21 + 7 - 27) + 5
-15
-8 - (-11 + (-8 - (-6 - -8)))
13
What is 13 - (-12 - (-11 - (-6 + 1)))?
19
What is -1 + -2 - (1 + -3 - (2 - 0))?
1
(1 - -4 - -1) + -2 + 86 + -91
-1
(-490 - -493) + (-11 - (-1 - -2))
-9
Evaluate (-3 - 4) + 8 - -3 - 13.
-9
Evaluate (0 - -8 - 9) + -13 + 0.
-14
What is (0 + -3 - 0) + (-2 - -3) + -3?
-5
Calculate (7 - 23) + (-17 - (3 - 13)).
-23
2 - 0 - (31 - (36 + -6))
1
Evaluate 33 - (30 + -11 + 11).
3
-4 - -2 - ((4 - (-8 - -6)) + -5)
-3
What is the value of 10 - 28 - -22 - (0 - (-9 - 1))?
-6
What is the value of (15 - 27 - (-8 + 6)) + -25?
-35
(-2 - -4) + -11 - (28 - 27)
-10
What is the value of 1504 - 1506 - (2 - (10 - -2))?
8
What is -1 + 3 - (-22 + 23 - -5)?
-4
Evaluate 1 + -9 - (56 + -94 + -1).
31
What is the value of -10 - (35 + (-4 - 49))?
8
Calculate -71 + (109 - 54) - (-1 - -5).
-20
-24 - 5 - -23 - (-6 + -1)
1
What is the value of (-13 - (10 - 11 - 7 - 1)) + 1?
-3
Calculate -19 - -3 - (78 + -84).
-10
Evaluate 10 + (10 - (-9 + 9)) - (2 + 3).
15
Evaluate 8 - (5 - (2 - 4) - (-26 + 33)).
8
-18 + 37 + -32 - (0 + -4)
-9
(2 - 14) + -8 + 14 + 15 + -30
-21
What is the value of (2 - (0 + -2)) + (-8 - (16 - 13))?
-7
-28 + (-5 - -24) + 6
-3
Evaluate 2 - (1 + -3 + -4 - (108 + -128)).
-12
What is (8 - 0 - 3) + (1 - (33 - 11))?
-16
What is -9 - -10 - 7 - (-3 + -10)?
7
Evaluate 5 + (-2 - 1 - (-369 - -382)).
-11
Evaluate (17 + -55 - -10) + 37.
9
What is the value of 22 + (30 + -49 - -16)?
19
4 + 5 - 4 - 5 - (4 - -7)
-11
What is the value of -102 + 84 - (9 + 9)?
-36
Evaluate 4 + 13 + -19 + 10 - (-1 - -2).
7
What is 5 + (-6 + 1 - (2 + (4 - 12)))?
6
Calculate -7 + 1 - ((-89 - -82) + (9 - 0)).
-8
Calculate 18 + (-5 - (-20 - -22 - (4 - 4))).
11
What is -325 - -323 - (1 - -11)?
-14
(5 - 14) + (-1 - 3)
-13
23 + -56 + 24 + -4 + 46
33
9 - (7 - (15 - 0) - -26)
-9
What is the value of (22 - 11) + -6 + 0 + -3 + -7?
-5
Calculate 31 - (20 + 7 + -10).
14
Calculate -8 + -1 + (-11 + -4 - -10).
-14
Evaluate -4 + 10 + (-14 - (-17 + -13)).
22
Evaluate (18 - -6) + -2 - 27.
-5
-9 - (-13 + (-1 - -6) + 9) - -2
-8
Calculate (-8 - -1) + 0 + 1 + 5.
-1
What is the value of -45 + 51 - (1 + -1)?
6
Calculate 1 - 2 - (337 - 323).
-15
-3 + ((-7 - -6) + 6 - 0) - 12
-10
((-8 - -7) + 12 - 4) + 3
10
Calculate 5 + -2 + 3 + 5 + (35 - 34).
12
172 + -166 - (5 - (0 + -1 + 1))
1
What is 5 - ((-3 - -15) + 2)?
-9
-5 + 2 + 3 - -3
3
22 - (52 + -33 + 11)
-8
-14 + 13 + 7 + -8
-2
What is 1 - 2 - (38 - 60)?
21
What is the value of -24 + -1 - (47 + -78)?
6
(-20 - (-15 - -5) - 3) + 24
11
Evaluate -25 + -1 - (0 - 15).
-11
(13 - (-6 - -20)) + (-1 - 0) + 10
8
6 + 7 + -10 + (13 - 4)
12
Calculate 2 - ((0 - -9) + (6 - 9) - 1).
-3
Evaluate -1 + -23 + (28 - 14) + -2 + -6.
-18
What is the value of (-8 - 5) + (19 - 10) + 16?
12
What is 4 - (-1 - -2) - (-283 - -302)?
-16
Calculate -10 - ((2 - -23 - 6) + -11).
-18
What is the value of -30 - -8 - (-8 + -6)?
-8
What is the value of 14 - (7 + 8 + 16)?
-17
What is 3 + (89 + -90 - (-1 + 0))?
3
8 - 13 - (4 - (0 + (1 - 5)))
-13
Evaluate -15 + 47 + -16 + 14.
30
5 + 4 + -4 - (1 + 6 + -2)
0
What is the value of (3 - (2 - 1) - 2) + -7 + 22?
15
-9 - -1 - (3 + -1 + 5 + -8)
-7
What is 19 + (-29 - -2) - (3 + -13)?
2
What is 13 + (31 - 48 - 20)?
-24
-24 - (-10 - (6 + -6 + -8 - 0))
-22
Evaluate 13 - 4 - (9 + (18 - 14)).
-4
What is (28 - 13) + -5 + -5 + -3?
2
What is the value of (-4 - -1 - 1) + (16 - (-27 + 46))?
-7
What is the value of -34 - -14 - (-4 + 13 + 1 - 5)?
-25
What is (3 - 10 - -1) + (0 + 5 - -18)?
17
Calculate -14 - (3 + (3 - (-9 - -12) - -3)).
-20
Evaluate 21 + -16 - (4 - 3).
4
What is the value of -7 + 20 - 5 - 2?
6
21 - ((-3 - (-10 + -1)) + 5)
8
What is -8 + 22 - (-3 + -9 + 5)?
21
What is -48 + -21 + (26 - -30)?
-13
What is the value of 614 + -646 + (0 - -32)?
0
What is -9 + 4 + 18 + -9?
4
Calculate -1 + ((5 - 4) + 1 - (8 + -4)).
-3
What is the value of -5 + -7 + 22 + -5 + -20?
-15
What is the value of 1 + 3 + 2 + 283 + -305?
-16
What is 19 + (1 - 8) + (-19 - 37) + 9?
-35
What is the value of -14 - (1 + (-1 - 1)) - -2?
-11
-180 + 186 - (0 - 2 - -2 - 2)
8
Calculate -2 + 5 + 3 + -5 + 4 - 5.
0
What is 45 + (-6 - -30 - 53)?
16
What is 8 - (-7 - (9 + (-16 - -2))) - -4?
14
(-23 - (20 + -38)) + (0 - (2 - -2))
-9
Evaluate -4 + (4 - 4) + 9 + -8 + -4.
-7
What is the value of 14 + -1 - (-20 + (47 - -19))?
-33
What is 2 - 1 - -3 - ((-45 - -35) + 13)?
1
Evaluate 8 - -1 - (-7 - (7 - 27)).
-4
What is -9 - (-11 + -2) - -2?
6
Calculate -6 - (0 - ((-47 - -46) + (-1 - 0))).
-8
What is 3 + 0 - (-5 - -2) - (31 - 31)?
6
Calculate -42 + (115 + -35 - 43).
-5
What is 15 - (-18 - -5 - -18)?
10
What is the value of -3 - (-2 + -4 + (3 - -6))?
-6
Evaluate -2 + (7 - 1) - 0 - -5.
9
Evaluate 21 + (10 - 24) + 12.
19
What is (-19 - -32) + -63 + 42?
-8
5 - (-5 + -2 + (-5 - -17))
0
What is -17 - (-15 + 10 - ((2 - 0) + -3))?
-13
Calculate 9 - (-3 - 3 - -6) - 13 - -6.
2
Evaluate 11 + -2 + (-24 - -42) + -22.
5
Evaluate -24 - -7 - (37 - 36).
-18
-39 - (-52 - -17) - 14
-18
What is the value of 4 + -17 + 5 + 14?
6
What is -3 + 11 - (4 - (-2 + 0))?
2
What is 2 - -2 - (-8 + 49 + -21)?
-16
What is (0 - (3 + (1 - 8)) - 6) + -12?
-14
What is the value of (-90 - (-13 - 18)) + 32?
-27
Evaluate 12 - (-6 + 14 + 7).
-3
What is -1 + -5 + 32 + -40 + 24?
10
What is the value of -3 + 3 + -3 + -230 + 247?
14
What is the value of 10 + -5 - (-3 - -3 - 0 - -2)?
3
What is the value of -2 + 7 + 8 - 29?
-16
(16 - -3 - 19) + (-3 - -2)
-1
What is -5 + 19 + -5 + -20?
-11
(-6 - (5 - 5 - 20)) + -10
4
Evaluate 10 + 26 + (10 - 28).
18
What is the value of -13 + (7 - -11) + -10?
-5
Evaluate (-14 - -10 - -9) + (0 - -2) + 4.
11
Evaluate 35 - (7 - (-21 - -14)).
21
0 + -8 + -1 - (-18 - -25)
-16
Calculate (7 + 6 + -5 - 10) + 1 + 10.
9
What is (0 + (8 - 3) - 26) + 8?
-13
-9 + -6 - (7 + -7 + 11 + -8)
-18
What is the value of (-24 - -42) + -21 - (-2 + -7)?
6
Calculate (-5 - -1) + (-1 - -2) + (1 - -1).
-1
(-1 - (1 + 6 + -2)) + (-5 - -11)
0
What is the value of ((3 - -4 - 9) + -5 - -8) + -2?
-1
What is (281 - 280) + -2 + 1 + (-1 - -5)?
4
Evaluate 15 - (-7 + -4 + 40 - -10).
-24
11 + -10 + 6 + -4
3
13 - 14 - 5 - -19
13
Calculate -2 + 5 + 2 + (-17 + 33 - 32).
-11
What is the value of -21 - (4 + -11) - (-8 + 3)?
-9
Evaluate 1 + 1 - -1 - (15 - (56 + -79)).
-35
What is the value of 13 - (14 + (52 - 16) - 5)?
-32
2 + -4 + -2 + (3 + -5 - -7)
1
What is the value of -33 - ((26 - 39) + -7)?
-13
Calculate 0 - (5 + -6 - -2 - (-7 - -3)).
-5
Evaluate 0 + 9 - (1 - -2 - (115 + -114)).
7
What is the value of (-3 - 1) + (-13 + 15 + 20 - 4)?
14
What is -21 - (15 + -2 - 17)?
-17
Evaluate -1 - (7 + 6 - 6).
-8
Evaluate 13 + (-46 - -24 - 23).
-32
What is (-38 - (-20 - -16 - 5)) + 7?
-22
Calculate -22 + (-20 - -20) + 8.
-14
What is (-24 + 1 + 13 - 1) + 0?
-11
5 - -1 - (-21 - (-7 + -6))
14
-1 - (52 - 61 - (0 - 0))
8
Evaluate -3 + 10 + 42 + -39.
10
What is -8 - 2 - (5 + -19 - -1)?
3
What is (-22 + 34 - (11 + -2)) + 6?
9
14 - 0 - (-27 + 4 - (-10 - 2))
25
27 + -28 + (-1 - 0) - 6 - 1
-9
What is the value of (4 + 10 - 21) + (0 + 0 - 24)?
-31
What is the value of 7 - (3 - (8 + -16 + -6))?
-10
Evaluate -1 + 1 + -19 - -19.
0
What is (-8 - (-3 - -2)) + (-19 - -18 - -2)?
-6
Evaluate (-25 - -17) + 3 - -23.
18
What is (-21 - 1) + (-39 - -36) + 9?
-16
Evaluate 1 + 9 - -5 - (-17 - -17).
15
Calculate (-4 - (-3 + -4 - 10) - 4) + 6.
15
Evaluate (4 - (-3 + -5 + 4 + 11)) + 1.
-2
Evaluate (-50 - -94) + -57 + (0 + -1 - -1).
-13
Evaluate 5 - (5 - -1) - (26 - 37).
10
Calculate 3 - (9 - (30 - (-12 - -19))).
17
What is the value of -19 - -12 - 4 - 14 - -12?
-13
Evaluate 6 - 21 - -2 - -8.
-5
Evaluate 2 - (6 + (2 - 4) + -7).
5
(2 - 2) + 2 + 36 + -34 + -19
-15
6 + (-1 - 6) - (-56 - -69)
-14
What is 5 + 1 - 5 - (16 - (1 + 5))?
-9
1 - 21 - (-14 - ((8 - -3) + -26))
-21
What is the value of (14 - -6) + 0 + -29 + (-2 - 7)?
-18
6 + 8 + -10 + -7 - -9
6
Evaluate -20 + 12 + (18 - 13).
-3
Calcula